{"id":405,"date":"2023-04-18T07:17:09","date_gmt":"2023-04-18T06:17:09","guid":{"rendered":"https:\/\/www.sg-oberiberg.ch\/?page_id=405"},"modified":"2026-04-14T10:26:08","modified_gmt":"2026-04-14T09:26:08","slug":"jungschuetzen","status":"publish","type":"page","link":"https:\/\/www.sg-oberiberg.ch\/?page_id=405","title":{"rendered":"Jungsch\u00fctzen"},"content":{"rendered":"\n<p><strong>Die Jungsch\u00fctzen schaffen den Hattrick!<\/strong><br>Zum dritten Mal in Folge, gewinnen die Jungsch\u00fctzen den Schwyzer Kantonalen Gruppenfinal!<br>Von links: Max Marty, Noa Reichmuth, Sarah Horat, Jungsch\u00fctzenleiter Bruno Betschart, Michael Horat<\/p>\n\n\n\n<figure class=\"wp-block-image size-large\"><img fetchpriority=\"high\" decoding=\"async\" width=\"1024\" height=\"490\" src=\"https:\/\/www.sg-oberiberg.ch\/wp-content\/uploads\/2023\/08\/20230826_161849-1024x490.jpg\" alt=\"\" class=\"wp-image-489\" srcset=\"https:\/\/www.sg-oberiberg.ch\/wp-content\/uploads\/2023\/08\/20230826_161849-1024x490.jpg 1024w, https:\/\/www.sg-oberiberg.ch\/wp-content\/uploads\/2023\/08\/20230826_161849-300x143.jpg 300w, https:\/\/www.sg-oberiberg.ch\/wp-content\/uploads\/2023\/08\/20230826_161849-768x367.jpg 768w, https:\/\/www.sg-oberiberg.ch\/wp-content\/uploads\/2023\/08\/20230826_161849-1536x735.jpg 1536w, https:\/\/www.sg-oberiberg.ch\/wp-content\/uploads\/2023\/08\/20230826_161849-2048x980.jpg 2048w\" sizes=\"(max-width: 767px) 89vw, (max-width: 1000px) 54vw, (max-width: 1071px) 543px, 580px\" \/><\/figure>\n\n\n\n<div data-wp-interactive=\"core\/file\" class=\"wp-block-file\"><object data-wp-bind--hidden=\"!state.hasPdfPreview\" hidden class=\"wp-block-file__embed\" data=\"https:\/\/www.sg-oberiberg.ch\/wp-content\/uploads\/2026\/04\/Taetigkeit-2026.pdf\" type=\"application\/pdf\" style=\"width:100%;height:600px\" aria-label=\"Einbettung von T\u00e4tigkeit 2026.\"><\/object><a id=\"wp-block-file--media-2deb4d1b-3bd2-4b0e-a572-b6864d50f92d\" href=\"https:\/\/www.sg-oberiberg.ch\/wp-content\/uploads\/2026\/04\/Taetigkeit-2026.pdf\">T\u00e4tigkeit 2026<\/a><a href=\"https:\/\/www.sg-oberiberg.ch\/wp-content\/uploads\/2026\/04\/Taetigkeit-2026.pdf\" class=\"wp-block-file__button wp-element-button\" download aria-describedby=\"wp-block-file--media-2deb4d1b-3bd2-4b0e-a572-b6864d50f92d\">Herunterladen<\/a><\/div>\n\n\n\n<p><\/p>\n","protected":false},"excerpt":{"rendered":"<p>Die Jungsch\u00fctzen schaffen den Hattrick!Zum dritten Mal in Folge, gewinnen die Jungsch\u00fctzen den Schwyzer Kantonalen Gruppenfinal!Von links: Max Marty, Noa Reichmuth, Sarah Horat, Jungsch\u00fctzenleiter Bruno Betschart, Michael Horat<\/p>\n","protected":false},"author":1,"featured_media":0,"parent":0,"menu_order":0,"comment_status":"closed","ping_status":"closed","template":"","meta":{"footnotes":""},"class_list":["post-405","page","type-page","status-publish","hentry"],"_links":{"self":[{"href":"https:\/\/www.sg-oberiberg.ch\/index.php?rest_route=\/wp\/v2\/pages\/405","targetHints":{"allow":["GET"]}}],"collection":[{"href":"https:\/\/www.sg-oberiberg.ch\/index.php?rest_route=\/wp\/v2\/pages"}],"about":[{"href":"https:\/\/www.sg-oberiberg.ch\/index.php?rest_route=\/wp\/v2\/types\/page"}],"author":[{"embeddable":true,"href":"https:\/\/www.sg-oberiberg.ch\/index.php?rest_route=\/wp\/v2\/users\/1"}],"replies":[{"embeddable":true,"href":"https:\/\/www.sg-oberiberg.ch\/index.php?rest_route=%2Fwp%2Fv2%2Fcomments&post=405"}],"version-history":[{"count":6,"href":"https:\/\/www.sg-oberiberg.ch\/index.php?rest_route=\/wp\/v2\/pages\/405\/revisions"}],"predecessor-version":[{"id":725,"href":"https:\/\/www.sg-oberiberg.ch\/index.php?rest_route=\/wp\/v2\/pages\/405\/revisions\/725"}],"wp:attachment":[{"href":"https:\/\/www.sg-oberiberg.ch\/index.php?rest_route=%2Fwp%2Fv2%2Fmedia&parent=405"}],"curies":[{"name":"wp","href":"https:\/\/api.w.org\/{rel}","templated":true}]}}