{"id":82,"date":"2021-02-24T18:53:20","date_gmt":"2021-02-24T18:53:20","guid":{"rendered":"https:\/\/new.sg-oberiberg.ch\/?page_id=82"},"modified":"2026-01-29T20:31:01","modified_gmt":"2026-01-29T19:31:01","slug":"ausschreibung","status":"publish","type":"page","link":"https:\/\/www.sg-oberiberg.ch\/?page_id=82","title":{"rendered":"Ausschreibung"},"content":{"rendered":"\n<div class=\"wp-block-columns is-layout-flex wp-container-core-columns-is-layout-9d6595d7 wp-block-columns-is-layout-flex\">\n<div class=\"wp-block-column is-layout-flow wp-block-column-is-layout-flow\" style=\"flex-basis:33.33%\"><\/div>\n\n\n\n<div class=\"wp-block-column is-layout-flow wp-block-column-is-layout-flow\" style=\"flex-basis:66.66%\"><\/div>\n<\/div>\n\n\n\n<div class=\"wp-block-group\"><div class=\"wp-block-group__inner-container is-layout-flow wp-block-group-is-layout-flow\">\n<figure class=\"wp-block-table is-style-stripes\"><table><tbody><tr><td><strong>Schiesszeiten<\/strong><\/td><td>Freitag<\/td><td><strong>21. August 2026<\/strong><\/td><td>17.00 &#8211; 20.00 Uhr<\/td><\/tr><tr><td><\/td><td>Samstag<\/td><td><strong>22. August 2026<\/strong><\/td><td>08.00 &#8211; 12.00 Uhr<\/td><\/tr><tr><td><\/td><td><\/td><td><\/td><td><\/td><\/tr><tr><td><\/td><td>Samstag<\/td><td><strong>29. August 2026<\/strong><\/td><td>08.00 &#8211; 12.00 Uhr<\/td><\/tr><tr><td><\/td><td><\/td><td><\/td><td>13.30 &#8211; 16.00 Uhr<\/td><\/tr><tr><td><\/td><td>Sonntag<\/td><td><strong>30. August 2026<\/strong><\/td><td>08.00 &#8211; 12.00 Uhr<\/td><\/tr><\/tbody><\/table><\/figure>\n<\/div><\/div>\n\n\n\n<div class=\"wp-block-columns is-layout-flex wp-container-core-columns-is-layout-9d6595d7 wp-block-columns-is-layout-flex\"><\/div>\n\n\n\n<div class=\"wp-block-columns is-layout-flex wp-container-core-columns-is-layout-9d6595d7 wp-block-columns-is-layout-flex\">\n<div class=\"wp-block-column is-layout-flow wp-block-column-is-layout-flow\" style=\"flex-basis:33.33%\">\n<p><strong>Schiessplatz<\/strong><\/p>\n<\/div>\n\n\n\n<div class=\"wp-block-column is-layout-flow wp-block-column-is-layout-flow\" style=\"flex-basis:66.66%\">\n<p>300m-Schiessanlage Fallenbach Oberiberg<br>(N\u00e4he der Talstation Laucherenbahn)<br>mit sechs automatischen Sius Ascor-Scheiben.<\/p>\n<\/div>\n<\/div>\n\n\n\n<div class=\"wp-block-columns is-layout-flex wp-container-core-columns-is-layout-9d6595d7 wp-block-columns-is-layout-flex\">\n<div class=\"wp-block-column is-layout-flow wp-block-column-is-layout-flow\" style=\"flex-basis:33.33%\">\n<p><strong>Standblatt<\/strong><\/p>\n<\/div>\n\n\n\n<div class=\"wp-block-column is-layout-flow wp-block-column-is-layout-flow\" style=\"flex-basis:66.66%\">\n<p>Ausgabe jeweils \u00bd Std. vor Schiessbeginn, bis \u00bd Std. vor Schiessende.<\/p>\n<\/div>\n<\/div>\n\n\n\n<div class=\"wp-block-columns is-layout-flex wp-container-core-columns-is-layout-9d6595d7 wp-block-columns-is-layout-flex\">\n<div class=\"wp-block-column is-layout-flow wp-block-column-is-layout-flow\" style=\"flex-basis:33.33%\">\n<p><strong>Waffen<\/strong><\/p>\n<\/div>\n\n\n\n<div class=\"wp-block-column is-layout-flow wp-block-column-is-layout-flow\" style=\"flex-basis:66.66%\">\n<p>Kat.A&nbsp;&nbsp;&nbsp; Frei-Standardgewehre<br>Kat.D &nbsp; &nbsp;Stgw 57 (Ord.03) \/ Karabiner<br>Kat.E &nbsp; &nbsp;Stgw 90 \/ Stgw 57 Ringkorn ( Ord.02)<\/p>\n<\/div>\n<\/div>\n\n\n\n<div class=\"wp-block-columns is-layout-flex wp-container-core-columns-is-layout-9d6595d7 wp-block-columns-is-layout-flex\">\n<div class=\"wp-block-column is-layout-flow wp-block-column-is-layout-flow\" style=\"flex-basis:33.33%\">\n<p><strong>Stellungen<\/strong><\/p>\n<\/div>\n\n\n\n<div class=\"wp-block-column is-layout-flow wp-block-column-is-layout-flow\" style=\"flex-basis:66.66%\">\n<p>Freigewehre nicht liegend<br>Standardgewehre liegend frei<br>Veteranen Freigewehr liegend frei<br>Seniorenveteranen Freigewehr und<br>Standardgewehr liegend aufgelegt<br>Karabiner liegend frei, liegend aufgelegt, Zweibeist\u00fctze<br>Sturmgewehre ab Zweibeinst\u00fctze<\/p>\n<\/div>\n<\/div>\n\n\n\n<div class=\"wp-block-columns is-layout-flex wp-container-core-columns-is-layout-9d6595d7 wp-block-columns-is-layout-flex\">\n<div class=\"wp-block-column is-layout-flow wp-block-column-is-layout-flow\" style=\"flex-basis:33.33%\">\n<p><strong>Munition<\/strong><\/p>\n<\/div>\n\n\n\n<div class=\"wp-block-column is-layout-flow wp-block-column-is-layout-flow\" style=\"flex-basis:66.66%\">\n<p>Die Munition ist im Doppel inbegriffen<\/p>\n<\/div>\n<\/div>\n\n\n\n<div class=\"wp-block-columns is-layout-flex wp-container-core-columns-is-layout-9d6595d7 wp-block-columns-is-layout-flex\">\n<div class=\"wp-block-column is-layout-flow wp-block-column-is-layout-flow\" style=\"flex-basis:33.33%\">\n<p><strong>Bestimmungen<\/strong><\/p>\n<\/div>\n\n\n\n<div class=\"wp-block-column is-layout-flow wp-block-column-is-layout-flow\" style=\"flex-basis:66.66%\">\n<p>Der Anlass unterliegt den Regeln f\u00fcr das Sportliche Schiessen (RSpS) des SSV sowie s\u00e4mtlichen Vorschriften, Reglementen, Weisungen, Ausf\u00fchrungsbestimmungen (AFB) und Hilfsmittelverzeichnissen von SSV, USS, SAT und KSV \/ UV. Obenerw\u00e4hnte Vorschriften regeln alle im Schiessplan nicht explizit aufgef\u00fchrten Positionen und stehen in der Schiessanlage zur Verf\u00fcgung. Diese sind vom Organisator jederzeit anzuwenden<\/p>\n<\/div>\n<\/div>\n\n\n\n<div class=\"wp-block-columns is-layout-flex wp-container-core-columns-is-layout-9d6595d7 wp-block-columns-is-layout-flex\">\n<div class=\"wp-block-column is-layout-flow wp-block-column-is-layout-flow\" style=\"flex-basis:33.33%\">\n<p><strong>Rangeure<\/strong><\/p>\n<\/div>\n\n\n\n<div class=\"wp-block-column is-layout-flow wp-block-column-is-layout-flow\" style=\"flex-basis:66.66%\">\n<p>Es wird keine Scheibenreservation gemacht. Die Reihenfolge beim Schiessen richtet sich nach der Einlage der Standbl\u00e4tter beim Warner.<\/p>\n<\/div>\n<\/div>\n\n\n\n<div class=\"wp-block-columns is-layout-flex wp-container-core-columns-is-layout-9d6595d7 wp-block-columns-is-layout-flex\">\n<div class=\"wp-block-column is-layout-flow wp-block-column-is-layout-flow\" style=\"flex-basis:33.33%\">\n<p><strong>Anmeldung<\/strong><\/p>\n<\/div>\n\n\n\n<div class=\"wp-block-column is-layout-flow wp-block-column-is-layout-flow\" style=\"flex-basis:66.66%\">\n<p>Mittels Sektionsliste bis sp\u00e4testens 31. Juli 2026 an:<br>Silvia Bisig, Sagentobelstrasse 2, 8843 Oberiberg, 0554142027.<\/p>\n<\/div>\n<\/div>\n\n\n\n<div class=\"wp-block-columns is-layout-flex wp-container-core-columns-is-layout-9d6595d7 wp-block-columns-is-layout-flex\">\n<div class=\"wp-block-column is-layout-flow wp-block-column-is-layout-flow\" style=\"flex-basis:33.33%\">\n<p><strong>Absenden<\/strong><\/p>\n<\/div>\n\n\n\n<div class=\"wp-block-column is-layout-flow wp-block-column-is-layout-flow\" style=\"flex-basis:66.66%\">\n<p>Es wird kein Absenden durchgef\u00fchrt. Die Bargaben und<br>Pr\u00e4mienkarten werden den teilnehmenden Sektionen&nbsp;&nbsp;&nbsp;&nbsp;&nbsp; zugestellt. Die SG Oberiberg schiesst ausser Konkurrenz.<br>Die Ranglisten werden nach dem letzten Schiesstag auf<br>www.sg-oberiberg.ch ver\u00f6ffentlicht.<\/p>\n<\/div>\n<\/div>\n","protected":false},"excerpt":{"rendered":"<p>Schiesszeiten Freitag 21. August 2026 17.00 &#8211; 20.00 Uhr Samstag 22. August 2026 08.00 &#8211; 12.00 Uhr Samstag 29. August 2026 08.00 &#8211; 12.00 Uhr 13.30 &#8211; 16.00 Uhr Sonntag 30. August 2026 08.00 &#8211; 12.00 Uhr Schiessplatz 300m-Schiessanlage Fallenbach Oberiberg(N\u00e4he der Talstation Laucherenbahn)mit sechs automatischen Sius Ascor-Scheiben. Standblatt Ausgabe jeweils \u00bd Std. vor Schiessbeginn, &hellip; <\/p>\n<p class=\"link-more\"><a href=\"https:\/\/www.sg-oberiberg.ch\/?page_id=82\" class=\"more-link\"><span class=\"screen-reader-text\">\u201eAusschreibung\u201c <\/span>weiterlesen<\/a><\/p>\n","protected":false},"author":1,"featured_media":0,"parent":0,"menu_order":0,"comment_status":"closed","ping_status":"closed","template":"","meta":{"footnotes":""},"class_list":["post-82","page","type-page","status-publish","hentry"],"_links":{"self":[{"href":"https:\/\/www.sg-oberiberg.ch\/index.php?rest_route=\/wp\/v2\/pages\/82","targetHints":{"allow":["GET"]}}],"collection":[{"href":"https:\/\/www.sg-oberiberg.ch\/index.php?rest_route=\/wp\/v2\/pages"}],"about":[{"href":"https:\/\/www.sg-oberiberg.ch\/index.php?rest_route=\/wp\/v2\/types\/page"}],"author":[{"embeddable":true,"href":"https:\/\/www.sg-oberiberg.ch\/index.php?rest_route=\/wp\/v2\/users\/1"}],"replies":[{"embeddable":true,"href":"https:\/\/www.sg-oberiberg.ch\/index.php?rest_route=%2Fwp%2Fv2%2Fcomments&post=82"}],"version-history":[{"count":17,"href":"https:\/\/www.sg-oberiberg.ch\/index.php?rest_route=\/wp\/v2\/pages\/82\/revisions"}],"predecessor-version":[{"id":715,"href":"https:\/\/www.sg-oberiberg.ch\/index.php?rest_route=\/wp\/v2\/pages\/82\/revisions\/715"}],"wp:attachment":[{"href":"https:\/\/www.sg-oberiberg.ch\/index.php?rest_route=%2Fwp%2Fv2%2Fmedia&parent=82"}],"curies":[{"name":"wp","href":"https:\/\/api.w.org\/{rel}","templated":true}]}}